ulate q(n).
-26
Let j(q) = -3*q + 7. Let m(r) = -9*r - 16. Let i be m(-2). Suppose -i*d - 22 = -2*n, 0*n = 2*d - n + 18. Determine j(d).
28
Let n(u) = -4*u**3 + 57*u**2 - 16*u + 44. Let t be ((-1176)/(-1092))/(1/13). What is n(t)?
16
Suppose 0 = -5*p + 31*p + 13*p + 1716. Let m(v) = -v**3 - 46*v**2 - 89*v - 51. Calculate m(p).
-7
Let c(o) be the third derivative of -7*o**6/40 + o**4/12 + o**3 - 2*o**2 - 25*o. Let l(h) = 21*h**3 - 2*h - 5. Let q(m) = 4*c(m) + 5*l(m). Determine q(-1).
-20
Let f(h) = h**2 + h - 2. Let o = 74 + -79. Let x(t) = 7*t**2 + 6*t - 7. Let d(v) = o*f(v) + x(v). Calculate d(3).
24
Let h(f) = 21*f + 3*f + f - 20*f - 46 + 4*f. Calculate h(4).
-10
Let y(q) = q**2 - 453*q + 4429. Let w be y(10). Let n(l) = -165*l**3 + 2*l**2 + 3*l + 2. Calculate n(w).
166
Let f(u) = u**2 - 19*u - 22. Suppose -2*y - 15*t + 7 = -1, 70 = 4*y + 3*t. Give f(y).
-22
Let u(y) = y - 113*y**3 + 5*y + 112*y**3 + 4 - 5*y + 3*y. Give u(-3).
19
Let y(t) be the second derivative of t**4/2 + t**3/6 - t**2 - 355*t + 2. Give y(-3).
49
Let u be ((-1)/2 - 1) + 14 + 39/(-26). Let q(a) = -a**2 + 7*a - 9. Determine q(u).
-53
Let n be (10/(-30))/(23/12 - 2). Suppose -n*k - 33 = -9. Let z(c) = 4*c + 9. What is z(k)?
-15
Let r(l) = -l - 5. Suppose 4*h - 2*a - 58 = 0, -73 + 120 = 2*h + 5*a. Calculate r(h).
-21
Let u(l) = -l + 2. Let p be u(0). Suppose -p*d + 2*z + 4 = 0, -3*d + 3 = -4*z - 4. Suppose -5*h - 24 - d = 0. Let a(v) = -3*v + 2. Determine a(h).
17
Let j(s) = -s**2 - 7. Let f(m) = -4*m**2 - m - 6. Let a(v) = -2*f(v) + 2*j(v). Determine a(-4).
86
Suppose 0 = 8*n + 34 - 18. Let o(z) = -3*z + 7 - 8*z**2 - 5 + 5*z + 1. What is o(n)?
-33
Let l(n) be the third derivative of -n**4/24 - n**3/6 + 18*n**2 - 1. Let s(y) = -y**2 + 4*y + 9. Let w(j) = 4*l(j) + s(j). What is w(0)?
5
Let i(v) be the first derivative of v**4/12 + 21*v**2/2 + 215*v + 178. Let x(k) be the first derivative of i(k). Calculate x(0).
21
Let y(f) = 4*f**2 - 3*f + 1. Let n(l) = 8 + 4*l**2 + 3 - 11 - 2*l - l**2 + 1. Let w(j) = -2*j + 1. Let z be w(-1). Let o(r) = z*n(r) - 2*y(r). Calculate o(-3).
10
Let i(v) = -2*v**3 + 2*v**2 + 4*v. Let u(p) = p**3 - p**2 - 2*p. Let s(x) = 6*i(x) + 11*u(x). Suppose 18113*m - 126 = -18068*m + 36118*m. Determine s(m).
0
Let m(h) be the third derivative of h**6/120 - 7*h**5/20 + 3*h**3/2 + 38*h**2. Give m(21).
9
Let w(f) = -f + 3. Let a(m) = m**3 - 21*m**2 - 100*m + 20. Let j be a(25). Determine w(j).
-17
Let t(s) be the third derivative of s**6/120 + s**5/30 - s**4/8 - 20*s**2. Let x = -2 - 2. Let q be (-144)/(-81) + x/(-18). Give t(q).
10
Let p be (-2 - 15/(-9))*(-12)/4. Let o(s) = -2 - p - 8*s**2 - 1053*s**3 + 1052*s**3 - 8*s. Suppose 11 = -2*k + y, 5*k + y + 23 = 5*y. Determine o(k).
4
Let u(o) be the second derivative of -2*o**2 - 5/3*o**3 - 1/12*o**4 - 42*o + 0. Let d(g) = 6*g + 3. Let f be d(-2). What is u(f)?
5
Let p(u) = 5*u - 16. Let v = -6573 - -6577. Determine p(v).
4
Let q(v) = -v**3 - 7*v**2 - 14*v - 6. Let l be q(-4). Let z(o) = o**3 + 5*o + l + 6 - 3 - 7*o**2. Determine z(6).
-1
Suppose -2*f + 3*f + 2*v = -10, -2 = -2*v. Let k be 1/((-4)/f - 0). Let a(y) = -5*y + k*y - 1 - 13*y**2 + 14*y**2 + y**3. What is a(2)?
7
Let u(t) be the third derivative of -t**6/120 + 2*t**5/15 - t**4/24 + t**3 - 4*t**2. Let o = 96 + 89. Let f = 193 - o. Determine u(f).
-2
Let y(z) = z**3 + 7*z**2 - 23*z - 7. Suppose -12 = -761*q + 765*q + 4*b, -12 = -2*b. What is y(q)?
38
Let n(u) = -u**2 - 19*u + 118. Suppose 5*w = 654*t - 658*t - 5, 3*w + 30 = 3*t. What is n(t)?
-2
Let f(h) be the first derivative of -h**3/3 - 5*h**2 - 21*h - 29. Let r be f(-3). Let z(n) = n**3 - n**2 + n + 6. Give z(r).
6
Let w(f) = -f**2 + f. Let l be w(-2). Suppose -29*s = -30*s + 2. Let c(q) = q + 4 + q**3 - 4*q - 8*q + 5*q**s + 7*q. What is c(l)?
-8
Let b(u) = -70*u + 232. Let s(c) = 348*c - 1112. Let r(g) = 24*b(g) + 5*s(g). Determine r(0).
8
Let f(q) = q**3 - 2*q**2 - 4*q - 8. Suppose 20*y + 3041 - 2993 = 8*y. What is f(y)?
-88
Let x(r) be the second derivative of -7*r**3/3 + 18*r**2 + 7*r - 809. What is x(15)?
-174
Let p(r) = 48264797*r + 5 - 3 - 48264831*r. What is p(1)?
-32
Let a(j) = 2 + 8 + j + 11*j**2 - 1 - 2*j**2 + j**3. Let x be a(-9). Suppose x = -73*n + 69*n - 12. Let v(t) = -t**2 - t - 1. Calculate v(n).
-7
Let x(j) = j + 8. Let p = -44 + 41. Let i be x(p). Let d(y) = 0*y**2 - 6 - y**2 + 6*y + 0*y**2 + 8. What is d(i)?
7
Let h(f) = -f**3 - 18*f**2 + 5*f + 45. Let i = 1660 - 1678. Determine h(i).
-45
Let s(l) be the first derivative of 3*l - 67 + 2/3*l**3 + 1/2*l**2. Determine s(-3).
18
Let d(l) = -2*l + 131. Let v(i) = 49*i - 2750. Let y(n) = 21*d(n) + v(n). Suppose 5*s + 7 = 3*t, s + 3*s = -4*t - 12. Let p be (-2 - t)*2 - -3. Determine y(p).
8
Suppose -66 = -30*u + 15*u - 7*u. Let g(f) be the first derivative of -3*f - 1/4*f**4 - 33 - f**u + f**2. Give g(-3).
-9
Suppose 10 = -2*a + 4*a. Let k(l) = 0*l + a + 7*l - 4. Let j = 4316 - 4317. Give k(j).
-6
Let r(w) = w**2 - 3*w + 3. Let f be r(3). Suppose -2*i = f*i - 30. Let v(a) = 9*a - 21*a + 0*a + 6*a - 8 + a + 7*a. Give v(i).
4
Let p(u) = -u**3 + 5*u - 5. Let m = 7944 + -7940. Give p(m).
-49
Suppose -2*f - 85 = 4*s - 119, 4*f - 5*s + 10 = 0. Let t(n) = n**2 - 7*n + 1. Give t(f).
-9
Let p = 92 - 88. Suppose -m + 14 = 3*t + m, 4*t - 3*m - 13 = 0. Let y(q) = 3*q**2 + 2 + 0*q**2 + 6*q - t*q**2 - 6. Calculate y(p).
4
Let v(l) = -53*l. Suppose 5*i + 92 = -f, 3*i - 2*i - 5*f = -8. Let r(s) = -s**2 - 17*s + 19. Let g be r(i). Determine v(g).
-53
Let g(t) = 11*t**2 + 5*t - 9. Let q be g(-4). Suppose -r + 145 = q. Let a(o) = -4*o. Give a(r).
8
Let u(v) = -4*v**2. Let c = -52 - -106. Let k = c - 46. Suppose -k*x - 12 = -4. Calculate u(x).
-4
Let g(r) = r**2 - 3*r + 7. Let f(c) = 5*c - 22. Let k be f(5). Let u be g(k). Let j(h) = 36*h + u - 21*h - h**2 - 15*h. What is j(0)?
7
Let p(l) = 0*l - 287 + 67 + 8*l - 11*l + 14*l. What is p(20)?
0
Suppose 3*u = 12*u - 27. Let s(b) = 7*b**2 - 192*b**3 + 0*b**2 + 193*b**u + 8*b + 2. What is s(-6)?
-10
Let f = 72 + -68. Let n(b) = 59*b - 21*b - 21*b - 7*b**2 + b**3 - 5 - 18*b + 3*b**2. Give n(f).
-9
Let u = -89 + 116. Suppose -4*n + 3*h = u, n + 23 = -4*h + 8*h. Let w(y) = -11*y - 3. What is w(n)?
30
Let n(p) = -6*p - 11. Let u = -3 + -1. Let b(z) = 8*z + 19. Let y(l) = -15*l - 35. Let k(h) = 5*b(h) + 3*y(h). Let c(t) = u*n(t) + 5*k(t). Give c(-3).
-3
Let i(d) = d - 7. Let a be 10*(-4)/(-2)*1. Suppose 991 = 15*h + 691. Let n = h - a. Give i(n).
-7
Let m(w) be the third derivative of w**6/120 + 3*w**5/20 + 11*w**4/24 - w**3/3 + 370*w**2 + 2. Determine m(-7).
19
Let d be (-11 - 0) + 0 - 0. Let z = d + 11. Suppose 3*m + 4 - 1 = z. Let a(v) = 3*v**2. Determine a(m).
3
Let c(d) = 4*d**2 - 4*d - 14. Let z(u) = -3*u**2 - u + 6*u - 2*u + 77 - 64. Let g = 3 + -8. Let y(b) = g*z(b) - 4*c(b). What is y(0)?
-9
Let p(a) = -8*a**2 + 2*a + 1. Let v = -11 - -27. Suppose 7*w - 2*w = -15, 0 = -4*f - 4*w - v. Give p(f).
-9
Let d(x) = -x**3 - 8*x**2 + 8*x - 3. Suppose -73*k - 502 = 155. Determine d(k).
6
Suppose 18*r - 11 - 133 = 0. Let s(y) = -8*y - 3. Let x(w) = 21*w + 8. Let i(b) = r*s(b) + 3*x(b). Determine i(0).
0
Let n(k) = -k**2 - 3. Let y = 3413 - 3419. Determine n(y).
-39
Suppose 2*z + 2 = 0, -4*z - 25 + 6 = -5*v. Let g(t) = 5 - t + 3*t + v*t - 4*t. Suppose 5*l = 4*b + 2*l - 19, -3*b - 3*l + 9 = 0. What is g(b)?
9
Let q = 703 + -723. Let x(r) = -4*r - 52. Calculate x(q).
28
Let p(s) be the third derivative of -s**5/60 + 5*s**4/24 + 2*s**3/3 + 27*s**2. Let z = 3515 + -3509. What is p(z)?
-2
Let n(m) be the second derivative of m**3/2 - 13*m**2/2 + 6*m. Let y be n(-9). Let h be (-18)/4 + 20/y. Let q(z) = z**2 + 7*z + 2. Determine q(h).
-8
Let s = 5 + 2. Let h = 11 - s. Let y(n) = 7*n**2 - n + 11. Let l(g) = 19*g**2 - 3*g + 30. Let w(x) = 3*l(x) - 8*y(x). Determine w(h).
14
Let y(w) = -w + 12. Let u be y(15). Let i(d) = 14*d - 9*d + 3 - 6*d - d**2. Give i(u).
-3
Let w(p) be the first derivative of p**3/3 - 8*p**2 - 49*p + 3104. Calculate w(20).
31
Let r(d) = -14*d + 39. Let w(u) = -5*u + 13. Let f(q) = -4*r(q) + 11*w(q). Suppose -81*z + 83*z - 250 = 0. Let m = z - 119. Calculate f(m).
-7
Let y(f) = 5*f**2 + 16*f - 2. Let l = -3215 - -3211. What is y(l)?
14
Let n(q) = -16*q - 3. Let y(g) = -51*g - 14. Let t(c) = -10*n(c) + 